26 (base 13) in base 10?
207564
What is b4750b (base 13) in base 11?
2419628
Convert 112021033 (base 5) to base 13.
1472a9
-3781b2 (base 16) to base 9
-6753858
What is 179259 (base 14) in base 5?
203110103
19a27cb (base 14) to base 10
12761151
Convert 12303212322 (base 4) to base 15.
253a00
160ada0 (base 15) to base 5
13042434300
What is 47a504 (base 12) in base 8?
4326524
Convert 12025243 (base 6) to base 14.
9b57d
What is 111100010101101101 (base 2) in base 16?
3c56d
Convert -383041 (base 10) to base 8.
-1354101
What is 32d5 (base 16) in base 14?
4a57
Convert 360635a (base 11) to base 5.
3102230103
Convert -4714761 (base 8) to base 13.
-35c91b
Convert 146d60 (base 14) to base 4.
2231132320
What is -115615 (base 15) in base 7?
-10016465
What is 1913361 (base 10) in base 11?
109759a
What is 31124404 (base 5) in base 14?
68ccb
What is -10320300003 (base 4) in base 10?
-1281027
-105516 (base 7) to base 9
-27676
Convert 555240 (base 8) to base 2.
101101101010100000
5881 (base 10) to base 9
8054
-5122154 (base 6) to base 2
-111011100110110110
-22911 (base 15) to base 4
-122313121
Convert 53165 (base 14) to base 5.
22404342
Convert -196b2c0 (base 13) to base 8.
-37720671
-42f8b (base 16) to base 3
-111221021211
What is 3791f8 (base 16) in base 11?
20681a1
What is -2212210030 (base 4) in base 5?
-133313002
Convert -4202513 (base 11) to base 3.
-111221112211201
Convert -107c4c (base 16) to base 8.
-4076114
Convert 323451203 (base 6) to base 15.
791893
What is 10110011010111011000 (base 2) in base 12?
2b51b4
What is -8f100c (base 16) in base 15?
-c53006
What is 26035557 (base 8) in base 12?
1b2a353
Convert 1201301 (base 5) to base 16.
563c
110231320 (base 4) to base 8
245570
120122202021 (base 3) to base 6
10334441
Convert 12100011122110 (base 3) to base 4.
22310303223
463227 (base 9) to base 15
57541
What is -22032313 (base 6) in base 8?
-2404325
100111011011101100100 (base 2) to base 6
43410032
What is 310aa (base 14) in base 5?
12240032
Convert 11112112200210 (base 3) to base 7.
26334120
Convert 101322103032 (base 4) to base 5.
2200221441
Convert -2732167 (base 10) to base 9.
-5123741
What is -1011011110011100 (base 2) in base 13?
-18519
Convert -1000100100110010100010 (base 2) to base 13.
-6091ac
818a (base 13) to base 11
12466
What is 4a0760 (base 12) in base 2?
100100101111000111000
What is -74706342 (base 8) in base 16?
-f38ce2
Convert -9ed649 (base 16) to base 9.
-21525181
Convert 1032220 (base 4) to base 13.
23a1
What is -25a1a (base 11) in base 2?
-1001000100110000
10409a9 (base 11) to base 7
21365110
-131101002 (base 4) to base 2
-11101010001000010
11321132 (base 5) to base 9
168357
-10344214 (base 6) to base 12
-12b06a
9ac77 (base 13) to base 5
32444040
What is 2234011 (base 9) in base 7?
13142002
What is -64624a (base 13) in base 8?
-10770600
What is -222351 (base 9) in base 7?
-1062442
Convert -98a318 (base 11) to base 7.
-16301141
-11110101111100101010110 (base 2) to base 8
-36574526
-311202013 (base 4) to base 13
-78a60
-11374 (base 11) to base 9
-24460
Convert 769005 (base 12) to base 9.
3477305
48553b (base 16) to base 13
c9c8a0
What is 61107 (base 13) in base 5?
21024424
Convert 97ac (base 14) to base 12.
13210
What is 17a9ec (base 15) in base 16?
118b33
Convert -2125641 (base 7) to base 11.
-167605
What is 340404320 (base 5) in base 16?
16d974
What is 794107 (base 10) in base 7?
6515116
What is 32289 (base 13) in base 12?
44480
Convert 3476116 (base 12) to base 15.
d4a3ac
What is 1011110001111110101 (base 2) in base 8?
1361765
-237630 (base 8) to base 14
-21b60
What is 13041202341 (base 5) in base 7?
252440541
What is 165092 (base 11) in base 9?
428618
What is -11545324 (base 7) in base 14?
-1cdb4b
What is -6454253 (base 7) in base 2?
-11000000000011001011
What is -ac2b (base 16) in base 13?
-170a5
-1021210221 (base 3) to base 12
-1282a
-1113012033 (base 4) to base 11
-22403a
Convert 205614 (base 9) to base 8.
356602
Convert -2212122213 (base 4) to base 6.
-22335423
Convert 2231513 (base 6) to base 13.
3c675
What is -10011111011011100 (base 2) in base 5?
-10103003
-6a168c (base 13) to base 16
-2666d7
Convert -c09c6 (base 14) to base 11.
-296896
Convert -111100011111000001 (base 2) to base 3.
-110120211202
-505201422 (base 6) to base 8
-40771166
Convert -2b6e (base 15) to base 11.
-7011
What is -200431 (base 7) in base 14?
-c488
Convert -10010110010000000010001 (base 2) to base 12.
-1795241
What is 2210050 (base 6) in base 3?
12121011010
What is 132404001 (base 5) in base 4?
2203121003
What is da6 (base 15) in base 2?
110000001001
8354e (base 16) to base 2
10000011010101001110
3335827 (base 10) to base 4
30232122103
-4318b (base 13) to base 3
-20011010220
-772de5 (base 15) to base 3
-101200120100022
154695 (base 13) to base 3
222121211020
Convert 322051350 (base 6) to base 10.
5698866
-14155104 (base 6) to base 11
-2aa0a4
Convert -151467 (base 10) to base 11.
-a3888
What is -3184362 (base 9) in base 16?
-1a1413
Convert -f5b0 (base 16) to base 6.
-1203104
What is -3112221 (base 6) in base 10?
-149557
What is -48464 (base 14) in base 5?
-21121423
Convert 1442054414 (base 6) to base 11.
a196251
Convert -84f1b (base 16) to base 8.
-2047433
What is -20828 (base 13) in base 2?
-1110010010001100
61644a (base 12) to base 10
1524730
Convert 2928 (base 16) to base 10.
10536
What is -4837132 (base 10) in base 14?
-8dcb36
100222012111011 (base 3) to base 9
10865434
Convert 110212220120110 (base 3) to base 9.
13786513
Convert 55552335 (base 6) to base 16.
199e23
What is -787068 (base 14) in base 5?
-2021411041
Convert -21333303201 (base 4) to base 8.
-11776341
What is 4420421433 (base 5) in base 16?
91a61b
What is -34123532 (base 7) in base 4?
-23103222203
Convert -d04b51 (base 14) to base 13.
-15b3528
What is 2202100120112 (base 3) in base 6?
51211322
What is -4423202214 (base 5) in base 2?
-100100100100000000101100
Convert -32306 (base 7) to base 14.
-2d06
What is 1828d6 (base 14) in base 7?
10150056
What is -881818 (base 10) in base 13?
-24b4b2
-132e7e8 (base 15) to base 14
-1b9a147
What is -32052160 (base 7) in base 5?
-1143444314
70bdd2 (base 15) to base 11
3028a45
Convert 222482 (base 9) to base 14.
366d6
-20a88 (base 15) to base 10
-103628
What is 441000244 (base 5) in base 13?
512775
-dcbb98 (base 14) to base 10
-7485178
3002122204 (base 5) to base 11
3367258
What is 182215 (base 10) in base 3?
100020221201
Convert -1422503 (base 6) to base 15.
-18ecc
What is 10111111001001000 (base 2) in base 7?
555214
What is -614581 (base 13) in base 15?
-2eb657
30010500 (base 8) to base 6
342535320
-2c44c1 (base 15) to base 10
-2140831
Convert 10110101101010000111 (base 2) to base 4.
2311222013
Convert -10112231000 (base 5) to base 16.
-9cc453
Convert 11210122200 (base 3) to base 10.
94518
What is -11100000110001000010100 (base 2) in base 15?
-9a73e5
Convert 1170ab7 (base 12) to base 10.
3381547
What is -18a473 (base 15) in base 12?
-499b39
111000000111110001011 (base 2) to base 12
74828b
Convert -3316374 (base 10) to base 3.
-20020111012200
What is 4c368 (base 13) in base 14?
3965b
Convert 373807 (base 10) to base 7.
3114550
Convert -1377 (base 14) to base 13.
-1745
Convert 351a5ba (base 12) to base 8.
47041736
What is -3122020213 (base 4) in base 7?
-10410616
What is -1002102002 (base 3) in base 6?
-243132
897a4 (base 11) to base 4
133300110
What is -465b1 (base 12) in base 4?
-112333111
-453541 (base 6) to base 5
-2212222
What is 6f45d (base 16) in base 7?
3605533
Convert 14333445 (base 6) to base 11.
308664
Convert 45005 (base 9) to base 15.
8cce
Convert -2015131 (base 6) to base 12.
-474a7
What is -4955 (base 11) in base 10?
-6473
-61cdc7 (base 14) to base 11
-195510a
1401440 (base 6) to base 16
13140
What is -3aba19 (base 12) in base 2?
-11101101110111110101
What is 1443033023 (base 5) in base 3?
21021222121100
What is -1311232 (base 6) in base 3?
-10122012102
Convert 92715 (base 11) to base 7.
1102305
-130000043 (base 5) to base 13
-18b649
What is -200222201021200 (base 3) in base 16?
-99fcea
What is 100101100201 (base 3) in base 13?
660b8
What is -70b (base 14) in base 8?
-2547
11512557 (base 9) to base 2
10101011011100111010011
Convert 26655036 (base 7) to base 6.
124515533
Convert -716012 (base 8) to base 14.
-622ca
What is 70652 (base